n + 30, 4*g + n + 31 = 0. What are the prime factors of (5/(25/(-6)))/(g/630)?
2, 3, 7
Let l(s) = 4*s + 2 - s + 3 - 5*s. Let x be l(-5). What are the prime factors of -6*x/(-18)*4?
2, 5
Let h(y) = y + 4*y + y**2 - 2 + 7. Let p be h(-6). Suppose 65 - p = 3*f. List the prime factors of f.
2, 3
Suppose -19860 = -11*a - 3514. List the prime factors of a.
2, 743
Let u = 16 - 6. Suppose 4*y + 8 = 2*n, 0 = 2*n + y - u + 2. Suppose -n*l + 168 = -0*l. What are the prime factors of l?
2, 3, 7
Suppose -6*t + 11*t = 60. Let w be -4 + (3 - t/(-3)). List the prime factors of (51/w)/((-2)/(-4)).
2, 17
Let t(y) = -y**2 + 4*y + 5. Let z be t(5). Suppose z*x - 2*x + 68 = 0. Let v = x - 11. List the prime factors of v.
23
Let r be (-51)/(0 - 2/4). Let b = r - 22. What are the prime factors of b?
2, 5
Let d(b) = -10*b + 8. Let k be d(-18). Let x = k + -106. What are the prime factors of x?
2, 41
Let f = -3 + 8. Suppose -f*t + 14 = -6. Suppose 0*a = -2*a + t. What are the prime factors of a?
2
Suppose -2*l + 4 = -2. Let r = 23 - l. Let z = r - 4. What are the prime factors of z?
2
Suppose -2*l - 2 = 2. What are the prime factors of (4 - (-9)/(-2))/(l/524)?
131
Let q be 1*-214 + 0 - -4. Let p be (-2)/7 + q/(-49). Suppose -5*g + 8*u = 3*u - 160, 0 = -4*g - p*u + 144. What are the prime factors of g?
2, 17
Suppose -x + 19 = -5*g, 3*g = 2*x + 7 - 17. Let r = -23 + 12. Let b = g - r. List the prime factors of b.
7
Let u(c) = -134*c - 73. Let f be u(-1). Suppose 2*m + 3*q = 5*q + 72, 0 = -2*m - 3*q + 52. Suppose m + f = 3*p. What are the prime factors of p?
31
Let s(j) = j**3 - 27*j**2 - 40*j - 21. What are the prime factors of s(29)?
3, 167
Let t(b) be the first derivative of -b**4/4 - 2*b**3 + 15*b**2/2 - 6*b + 6. List the prime factors of t(-8).
2
Let t be (-10)/5*(-10)/4. Suppose -t*q - 212 = -57. Let g = q + 89. List the prime factors of g.
2, 29
Let n(w) = -w**3 + 5*w**2 - 17*w - 226. What are the prime factors of n(-14)?
2, 467
Suppose -4*m + m = 3*y - 15, 0 = -3*y - 5*m + 21. Suppose -17 = c + 4*t, c + 3*t - 2 = -14. What are the prime factors of (-120)/(-9)*c/y?
2, 5
Let u be (-5)/25*-5 + -8. Let k = u + 63. What are the prime factors of k?
2, 7
Suppose 2*r - 12519 = 4*r + 3*m, -25065 = 4*r - 3*m. List the prime factors of r/(-63) + 9/(-21).
3, 11
Let l be (-14 - -24)*4/10. Suppose -71 = -g - 4*m, -l*m - 85 = -4*g + 159. List the prime factors of g.
3, 7
Suppose f = -3*j + 6817, -5*j + 11395 = -2*f - 3*f. What are the prime factors of j?
2, 3, 379
Suppose -2*j + 40 = -5*r, -j = 2*r + 2*r + 19. Let y(f) = -6*f + f**3 - 1 - 1 + 5*f**2 - 3*f. What are the prime factors of y(r)?
2
Let z be 1*(6 + -3) + -2. Let p be (z + 5)/2 - -23. Let d = -16 + p. What are the prime factors of d?
2, 5
Let u be (454 - 2) + 1 + -3. Suppose -4*f + 406 = 2*q - 38, q + u = 4*f. What are the prime factors of f?
2, 7
Let b(v) = 6*v + 14*v - 4*v + 12. What are the prime factors of b(4)?
2, 19
Let v = 316 + 419. List the prime factors of v.
3, 5, 7
Let q be (2/6)/((-6)/(-3384)) + 1. Let m = q - 27. What are the prime factors of m?
2, 3
Let k(s) = 47*s + 126. What are the prime factors of k(11)?
643
Let y = 41 - 27. Let p be 9/6 - 23/(-2). Suppose l = p + y. List the prime factors of l.
3
Let h(p) = 22*p - 2. Let f be h(1). Let v = 24 - f. Suppose v*c - 2*u - 270 = 0, 327 = c + 4*c + u. What are the prime factors of c?
2, 3, 11
Let y = -24 + 37. Let o be (y - 17) + (-16)/(-2). Suppose o*c = -2*k + 28, 6*k - 3*c - 100 = 2*k. List the prime factors of k.
2, 11
Suppose -12 = 14*y - 17*y. Suppose 0*h + 2*h + y*z = 114, 3*h - 3*z - 216 = 0. Let x = -38 + h. What are the prime factors of x?
29
Suppose -2*b + 3*n - 236 = -0*n, 392 = -3*b - 5*n. Let k = -9 - b. List the prime factors of k.
5, 23
Let z = -131 - -867. List the prime factors of z.
2, 23
Suppose 0 = -4*n - 0*r - 4*r + 212, -2*n + 2*r = -102. Let g = n + 30. What are the prime factors of g?
2, 41
Let u = 132 - 130. Let l(o) = o**3 + o**2 - 3*o + 1. List the prime factors of l(u).
7
Let y = -2239 - -3797. List the prime factors of y.
2, 19, 41
Let t(p) = 257*p**2 - 8*p + 14. List the prime factors of t(2).
2, 3, 19
Suppose 0 = 32*y - 16*y - 12832. List the prime factors of y.
2, 401
Suppose -4*o + 335 = 5*v, -5*v + 2*o = 3*o - 335. What are the prime factors of v?
67
Let d be (0 - -1)*(-365)/1. Let h = -260 - d. List the prime factors of h.
3, 5, 7
Suppose -3*w + 5*w = -3*c - 16, -32 = 5*c - 2*w. What are the prime factors of 7 - 0/(c/2)?
7
Let o be (4392/54)/((-4)/(-6)). Suppose 3*s = 4*u + 174 - 67, -4*s = 5*u - o. What are the prime factors of s?
3, 11
Suppose 195*c = 202*c - 12033. List the prime factors of c.
3, 191
Let x(d) = -3*d - 4*d - 1 + 5*d + d. List the prime factors of x(-3).
2
List the prime factors of (-1)/((-5102)/850 + 6).
5, 17
Suppose -o + 0*o = 5*q - 66, -4*q + 68 = -3*o. Let n = 73 - q. What are the prime factors of n?
59
Let x(n) be the first derivative of 2*n**2 + 4*n - 1. Let g(h) = h**2 + 6*h + 3. Let b be g(-6). List the prime factors of x(b).
2
Let d = -472 + 543. List the prime factors of d.
71
List the prime factors of 2264/13 - 56/364.
2, 3, 29
What are the prime factors of (-2)/((-22)/24871) + -9?
2, 563
Suppose -4*h = 3*g - 23, -4*h - 9 = 4*g - 33. List the prime factors of g + ((-15)/(-4))/(5/120).
7, 13
Let n be (-3)/((2/1)/(-16)). Let h be 4/(-6) - (4 - 766/6). Suppose 3*x + n = h. List the prime factors of x.
3, 11
Suppose -1236 + 372 = -6*s. List the prime factors of s.
2, 3
Let l = -106 + 159. Suppose 2 = -3*i + l. List the prime factors of i.
17
Suppose 10 = 5*b + 3*u, -8*u + 12*u - 5 = -5*b. Suppose -6*k + k = 5*a - 805, k = -b*a + 145. What are the prime factors of k?
3, 5, 11
Suppose 0 = -5*w - 0*w + 15. Suppose -2 = -g, -g + 156 = 2*z + w*g. List the prime factors of z.
2, 37
Let n = 1339 + 77. List the prime factors of n.
2, 3, 59
Let f(p) = -p**3 + 14*p**2 - 10*p - 13. Let h be f(13). Let q = -8 - -10. Suppose -y = q*t - 49, -t + 21 + h = -4*y. What are the prime factors of t?
3
Suppose -r + 23 = -3. Let l = r + -23. Suppose -5*k + 4*i = -2*k - 69, l*i - 117 = -4*k. What are the prime factors of k?
3
Let k(b) = 4*b**2 + 12*b + 5. List the prime factors of k(10).
3, 5, 7
Let g = -131 + 307. What are the prime factors of g?
2, 11
Let o(l) = l + 1. Let i(t) = 4*t + 2. Let q(u) = i(u) - 5*o(u). Let s be q(-5). What are the prime factors of (1 - 26)*s/(-5)?
2, 5
Suppose -18 = -5*q + 3*q. Let c = q - 6. Suppose -3*s = c*d - 0*d - 57, 0 = d - 2. What are the prime factors of s?
17
Suppose 212*n + 50250 = 227*n. What are the prime factors of n?
2, 5, 67
Let y be 6/4*(-20)/(-15). Suppose y*k = -3*g + 525, -35 = k + 5*g - 308. What are the prime factors of k?
2, 3, 43
Let c(d) = d**2 + 7*d + 14. Suppose 3*k + 25 = 10. Let b be c(k). Suppose 5*h + 3 = -3*u, 4*h + 25 = b*u - 3. What are the prime factors of u?
2
Suppose 444 = -136*x + 138*x. List the prime factors of x.
2, 3, 37
Let m = -193 - -193. Let z = -2 + 5. What are the prime factors of 1 - (-1 - m/z)?
2
Let u(h) = -48*h**3 + 2*h**2 - 1. Let i = -17 + 20. Suppose 3*k + i*r - 9 + 0 = 0, 2*k + 14 = 3*r. List the prime factors of u(k).
7
Let n be -1*(1 + 2)*-1. Suppose 0 = -n*x + 9, -3*t - x + 0*x = -24. What are the prime factors of t?
7
Suppose -3*r - 2*i = -0*r - 25, -5*i = -r - 20. Suppose t - r = 10. What are the prime factors of t?
3, 5
Let s(n) be the second derivative of -1/2*n**3 + 4*n**2 + 8*n + 0. List the prime factors of s(-14).
2, 5
Suppose 9*o - 5 - 22 = 0. Suppose 0 = o*l + 271 + 122. Let q = l + 189. List the prime factors of q.
2, 29
Let x(a) = 13*a**3 + a - 5. Suppose 3*n - 86 = -80. What are the prime factors of x(n)?
101
Let p = 1 + 8. Let i be p/45 + 212/(-10). Let f = 54 + i. List the prime factors of f.
3, 11
Let g(s) = s**3 - 11*s**2 - 2*s - 17. What are the prime factors of g(15)?
853
Suppose -8288 = 342*s - 349*s. List the prime factors of s.
2, 37
Suppose 3*v - 8895 = 870. List the prime factors of v.
3, 5, 7, 31
Let j(b) = 1186*b**2 - 9*b + 3. What are the prime factors of j(1)?
2, 5, 59
Let r be (7 + -3)*(-5 - -6). What are the prime factors of (-14404)/(-195) + r/30?
2, 37
Let n(a) = a**2 + a + 2. Let v be n(3). Let f(y) = v*y**2 - y**3 - 12*y + 0*y - 11 + 2*y. List the prime factors of f(13).
2, 7
Let j be (-1 - 